rs of 27430893.
3, 7, 101, 479
What are the prime factors of 636207725?
5, 25448309
What are the prime factors of 127095880?
2, 5, 3177397
What are the prime factors of 2328215882?
2, 19, 509, 120371
What are the prime factors of 84292936?
2, 7, 13, 17, 139
What are the prime factors of 5466333?
3, 17, 107183
List the prime factors of 116942646.
2, 3, 139, 281, 499
What are the prime factors of 14270958?
2, 3, 13, 29, 701
What are the prime factors of 866363563?
13, 23, 229, 12653
List the prime factors of 64089226.
2, 881, 36373
What are the prime factors of 810120859?
2029, 399271
What are the prime factors of 336873923?
67, 5027969
List the prime factors of 4023321492.
2, 3, 335276791
What are the prime factors of 148003158?
2, 3, 229, 107717
List the prime factors of 56909363.
7, 8129909
What are the prime factors of 1593332370?
2, 3, 5, 7, 151, 1861
What are the prime factors of 47915436?
2, 3, 179, 22307
What are the prime factors of 44925232?
2, 11, 47, 5431
What are the prime factors of 1070124890?
2, 5, 59, 239, 7589
List the prime factors of 368090654.
2, 184045327
List the prime factors of 487804350.
2, 3, 5, 11, 229, 1291
What are the prime factors of 524756118?
2, 3, 87459353
What are the prime factors of 4845670536?
2, 3, 7, 101, 353, 809
What are the prime factors of 242016333?
3, 13, 6205547
List the prime factors of 2165225.
5, 257, 337
List the prime factors of 235309235.
5, 7, 6723121
List the prime factors of 188201236.
2, 2347, 20047
What are the prime factors of 161933966?
2, 907, 89269
What are the prime factors of 699138526?
2, 349569263
What are the prime factors of 349473557?
73, 541, 8849
List the prime factors of 52206038.
2, 37, 41, 17207
What are the prime factors of 5420979272?
2, 677622409
List the prime factors of 1804932093.
3, 601644031
List the prime factors of 744773269.
15359, 48491
What are the prime factors of 3737426400?
2, 3, 5, 23, 7523
List the prime factors of 552632327.
13, 1009, 42131
List the prime factors of 1350393640.
2, 5, 17, 1985873
What are the prime factors of 118696817?
118696817
What are the prime factors of 200785105?
5, 257, 156253
List the prime factors of 144661817.
41, 47, 1831
List the prime factors of 561594408.
2, 3, 23399767
What are the prime factors of 148933306?
2, 74466653
List the prime factors of 48188168.
2, 7, 122929
List the prime factors of 14160793.
14160793
What are the prime factors of 14490827?
13, 67, 127, 131
List the prime factors of 59989172.
2, 14997293
List the prime factors of 776290120.
2, 5, 769, 25237
List the prime factors of 168940251.
3, 18771139
What are the prime factors of 929378846?
2, 11, 47, 898819
What are the prime factors of 346686998?
2, 7, 24763357
What are the prime factors of 344272380?
2, 3, 5, 73, 83, 947
List the prime factors of 1192895502.
2, 3, 11057, 17981
What are the prime factors of 3784246308?
2, 3, 17, 29, 79, 2699
What are the prime factors of 896627039?
7, 11, 17, 1997
List the prime factors of 107452002.
2, 3, 7, 17, 21499
List the prime factors of 4474160.
2, 5, 55927
List the prime factors of 157956257.
157956257
What are the prime factors of 960617099?
13, 3001, 24623
List the prime factors of 475451393.
17, 53, 293, 1801
What are the prime factors of 2407448931?
3, 17, 47204881
List the prime factors of 567762359.
1229, 461971
List the prime factors of 483709893.
3, 161236631
List the prime factors of 88012221.
3, 11, 467, 5711
What are the prime factors of 4014416043?
3, 11, 547, 74131
List the prime factors of 4184593972.
2, 13, 19, 4235419
List the prime factors of 188692032.
2, 3, 61, 16111
List the prime factors of 968995522.
2, 11, 47, 127, 157
What are the prime factors of 5746800317?
43, 617, 216607
List the prime factors of 6387053258.
2, 277, 11528977
List the prime factors of 181060291.
19, 1181, 8069
List the prime factors of 1936288856.
2, 23, 53, 198553
List the prime factors of 157163193.
3, 11, 19, 27851
What are the prime factors of 62831160?
2, 3, 5, 7, 8311
What are the prime factors of 1852778049?
3, 5303, 116461
List the prime factors of 15435835.
5, 3087167
List the prime factors of 478391441.
11, 17, 2558243
What are the prime factors of 41620336?
2, 19, 29, 4721
What are the prime factors of 733134165?
3, 5, 181, 270031
What are the prime factors of 53559051?
3, 7, 13, 196187
List the prime factors of 646748323.
13, 17, 241, 12143
What are the prime factors of 772637345?
5, 131, 1179599
List the prime factors of 85094354.
2, 42547177
List the prime factors of 28303411.
3499, 8089
List the prime factors of 728800004.
2, 67, 2719403
What are the prime factors of 722660114?
2, 11, 4079, 8053
What are the prime factors of 34093236?
2, 3, 47, 60449
List the prime factors of 1954666737.
3, 61, 1229, 2897
What are the prime factors of 1999086782?
2, 7, 11, 12981083
List the prime factors of 1712047855.
5, 7, 48915653
List the prime factors of 750202062.
2, 3, 47, 2660291
List the prime factors of 5556461269.
61, 91089529
What are the prime factors of 464691591?
3, 7, 13, 567389
List the prime factors of 7543275.
3, 5, 43, 2339
What are the prime factors of 55599317?
947, 58711
What are the prime factors of 2870200550?
2, 5, 7, 43, 190711
List the prime factors of 71598698.
2, 43, 101, 8243
What are the prime factors of 6169024?
2, 41, 2351
List the prime factors of 482388680.
2, 5, 12059717
List the prime factors of 235520965.
5, 3433, 13721
List the prime factors of 147522078.
2, 3, 11, 43, 17327
What are the prime factors of 1086077094?
2, 3, 971, 186419
What are the prime factors of 280056238?
2, 7, 11, 19, 95713
List the prime factors of 81332596.
2, 397, 51217
List the prime factors of 3587389340.
2, 5, 179369467
List the prime factors of 5544978340.
2, 5, 11, 2251, 11197
List the prime factors of 1221590678.
2, 7, 11, 1033, 1097
What are the prime factors of 92444465?
5, 151, 122443
List the prime factors of 13742322.
2, 3, 11, 208217
List the prime factors of 17257270.
2, 5, 97, 17791
List the prime factors of 423992686.
2, 13, 53, 307687
List the prime factors of 41838307.
7, 853843
What are the prime factors of 51870522?
2, 3, 11, 37, 1931
List the prime factors of 193603758.
2, 3, 37, 872089
What are the prime factors of 2538387422?
2, 19, 109, 612841
What are the prime factors of 2864131?
881, 3251
List the prime factors of 1264285295.
5, 7, 13, 2778649
List the prime factors of 185877560.
2, 5, 11, 383, 1103
What are the prime factors of 96249895?
5, 7, 103, 26699
What are the prime factors of 31301859?
3, 47, 221999
What are the prime factors of 119256333?
3, 7, 5678873
What are the prime factors of 82636448?
2, 113, 22853
List the prime factors of 14220199.
7, 2031457
List the prime factors of 5177408010.
2, 3, 5, 113, 397, 3847
What are the prime factors of 1013223263?
13, 1993, 39107
List the prime factors of 22326813.
3, 23, 157, 229
What are the prime factors of 1730495?
5, 13, 79, 337
List the prime factors of 84713027.
7, 53, 228337
What are the prime factors of 2033818?
2, 1016909
What are the prime factors of 3071526193?
41, 1459, 51347
What are the prime factors of 735672053?
137, 5369869
List the prime factors of 42569322.
2, 3, 7094887
List the prime factors of 6189668.
2, 19, 23, 3541
List the prime factors of 3514473973.
487, 673, 10723
List the prime factors of 10123115.
5, 163, 12421
List the prime factors of 1443785715.
3, 5, 47, 131, 193
What are the prime factors of 37922855?
5, 7584571
What are the prime factors of 815513742?
2, 3, 283, 160093
List the prime factors of 7071324284.
2, 17, 41, 2536343
What are the prime factors of 2745690159?
3, 23, 29, 113, 12143
List the prime factors of 367740298.
2, 83, 2215303
What are the prime factors of 107928013?
10099, 10687
List the prime factors of 711082611.
3, 26336393
What are the prime factors of 1904396889?
3, 634798963
What are the prime factors of 510473785?
5, 102094757
List the prime factors of 250521424.
2, 15657589
List the prime factors of 809740766.
2, 404870383
List the prime factors of 22225400.
2, 5, 111127
List the prime factors of 2347653320.
2, 5, 61, 15773
List the prime factors of 2436035270.
2, 5, 149, 1634923
What are the prime factors of 1534510638?
2, 3, 3511, 24281
List the prime factors of 162804